{"id":15,"date":"2023-11-01T12:34:18","date_gmt":"2023-11-01T11:34:18","guid":{"rendered":"https:\/\/lamainalapatte38.com\/?page_id=15"},"modified":"2024-01-25T16:21:32","modified_gmt":"2024-01-25T15:21:32","slug":"about","status":"publish","type":"page","link":"https:\/\/lamainalapatte38.com\/index.php\/about\/","title":{"rendered":"A propos"},"content":{"rendered":"\n<h3 class=\"wp-block-heading\">Titulaire de l&rsquo;Acaced cat\u00e9gorie chiens<\/h3>\n\n\n\n<h3 class=\"wp-block-heading\">Dipl\u00f4me de Coach en \u00c9ducation et Comportement Canin obtenu aupr\u00e8s de l&rsquo;Accefe \u00e0 Thonon les Bains<\/h3>\n\n\n\n<div data-wp-interactive=\"core\/file\" class=\"wp-block-file\"><object data-wp-bind--hidden=\"!state.hasPdfPreview\"  class=\"wp-block-file__embed\" data=\"https:\/\/lamainalapatte38.com\/wp-content\/uploads\/2024\/01\/Parchemin_CECC_RNCP.pdf\" type=\"application\/pdf\" style=\"width:100%;height:600px\" aria-label=\"Contenu embarqu\u00e9 Parchemin_CECC_RNCP.\"><\/object><a id=\"wp-block-file--media-870a0846-68ef-4269-b9ab-1189c91a3093\" href=\"https:\/\/lamainalapatte38.com\/wp-content\/uploads\/2024\/01\/Parchemin_CECC_RNCP.pdf\">Parchemin_CECC_RNCP<\/a><a href=\"https:\/\/lamainalapatte38.com\/wp-content\/uploads\/2024\/01\/Parchemin_CECC_RNCP.pdf\" class=\"wp-block-file__button wp-element-button\" download aria-describedby=\"wp-block-file--media-870a0846-68ef-4269-b9ab-1189c91a3093\">T\u00e9l\u00e9charger<\/a><\/div>\n","protected":false},"excerpt":{"rendered":"<p>Titulaire de l&rsquo;Acaced cat\u00e9gorie chiens Dipl\u00f4me de Coach en \u00c9ducation et Comportement Canin obtenu aupr\u00e8s de l&rsquo;Accefe \u00e0 Thonon les Bains<\/p>\n","protected":false},"author":1,"featured_media":0,"parent":0,"menu_order":0,"comment_status":"closed","ping_status":"closed","template":"","meta":{"footnotes":""},"_links":{"self":[{"href":"https:\/\/lamainalapatte38.com\/index.php\/wp-json\/wp\/v2\/pages\/15"}],"collection":[{"href":"https:\/\/lamainalapatte38.com\/index.php\/wp-json\/wp\/v2\/pages"}],"about":[{"href":"https:\/\/lamainalapatte38.com\/index.php\/wp-json\/wp\/v2\/types\/page"}],"author":[{"embeddable":true,"href":"https:\/\/lamainalapatte38.com\/index.php\/wp-json\/wp\/v2\/users\/1"}],"replies":[{"embeddable":true,"href":"https:\/\/lamainalapatte38.com\/index.php\/wp-json\/wp\/v2\/comments?post=15"}],"version-history":[{"count":4,"href":"https:\/\/lamainalapatte38.com\/index.php\/wp-json\/wp\/v2\/pages\/15\/revisions"}],"predecessor-version":[{"id":107,"href":"https:\/\/lamainalapatte38.com\/index.php\/wp-json\/wp\/v2\/pages\/15\/revisions\/107"}],"wp:attachment":[{"href":"https:\/\/lamainalapatte38.com\/index.php\/wp-json\/wp\/v2\/media?parent=15"}],"curies":[{"name":"wp","href":"https:\/\/api.w.org\/{rel}","templated":true}]}}